se
Is 1359361657 prime?
True
Is 21218192059 a prime number?
True
Is 202761043 a prime number?
False
Is 3131670889 a prime number?
False
Is 152722024691 a composite number?
False
Is 46306709 composite?
False
Is 53952882731 a prime number?
False
Is 25057982459 a prime number?
True
Is 3758962901 a composite number?
False
Is 23016088217 a composite number?
False
Is 51083937907 prime?
False
Is 1275861817 composite?
False
Is 284691391 a prime number?
True
Is 3091833847 a composite number?
True
Is 4539073337 composite?
True
Is 63483709 a composite number?
False
Is 1037325581 composite?
True
Is 27378352009 a composite number?
False
Is 3250652458 a prime number?
False
Is 68850973819 a prime number?
False
Is 2515466789 a composite number?
True
Is 4137380057 a prime number?
True
Is 2536297549 a composite number?
False
Is 12120175907 a prime number?
False
Is 174736061 a prime number?
True
Is 914687951 composite?
True
Is 42329833649 a prime number?
True
Is 2098223443 a composite number?
False
Is 28117911 composite?
True
Is 7252136833 composite?
False
Is 1602030797 a composite number?
True
Is 22086142223 composite?
True
Is 10031510767 prime?
True
Is 8141181641 a composite number?
True
Is 3300304387 composite?
True
Is 306046403 prime?
False
Is 2154198983 a composite number?
True
Is 12380582107 composite?
False
Is 5745444703 composite?
True
Is 111389813113 a composite number?
False
Is 1188199601 prime?
False
Is 2961683807 a prime number?
False
Is 8451044131 a prime number?
False
Is 614097637 composite?
True
Is 21625522727 a composite number?
True
Is 126298321 composite?
True
Is 4754549959 a prime number?
False
Is 16558335901 composite?
True
Is 2049330167 a composite number?
False
Is 9643136501 prime?
False
Is 4199429123 a composite number?
False
Is 6107915717 prime?
True
Is 598670801 composite?
True
Is 557052049 composite?
False
Is 262770264721 a prime number?
True
Is 1135349827 composite?
True
Is 118116839 a prime number?
False
Is 354541939 a prime number?
True
Is 4060520719 composite?
False
Is 1163325017 a composite number?
False
Is 803775773 prime?
False
Is 13184091133 composite?
False
Is 8428789 prime?
True
Is 75865996807 a composite number?
False
Is 41310276877 composite?
False
Is 23745080771 a composite number?
False
Is 88468597257 prime?
False
Is 568000241 prime?
False
Is 211541441 a composite number?
True
Is 11185914253 a composite number?
True
Is 3630646 a composite number?
True
Is 16400843057 prime?
False
Is 829798613 a composite number?
True
Is 113120615735 a composite number?
True
Is 720267551 prime?
False
Is 275862991 composite?
False
Is 20733235297 a prime number?
True
Is 9430014973 a prime number?
False
Is 8909579039 a composite number?
True
Is 9955593803 a composite number?
True
Is 12593516891 composite?
False
Is 185436323 prime?
False
Is 2698501709 a composite number?
True
Is 1539729229 a composite number?
False
Is 8839687 composite?
False
Is 11242322621 a composite number?
True
Is 14357650927 prime?
False
Is 15673616627 a prime number?
False
Is 25124015549 a prime number?
True
Is 6196380527 prime?
False
Is 1236829057 composite?
False
Is 86104376521 prime?
True
Is 632987331 prime?
False
Is 1284343849 a composite number?
False
Is 125627201 composite?
True
Is 11839435457 prime?
True
Is 66127763 a prime number?
False
Is 8145388907 a composite number?
True
Is 5132463649 a prime number?
True
Is 36604817 prime?
True
Is 3538972747 prime?
False
Is 830756449 a prime number?
False
Is 391920041 composite?
False
Is 127284999 composite?
True
Is 438173742057 prime?
False
Is 1279183519 a composite number?
True
Is 925589017 composite?
True
Is 4918162363 a composite number?
False
Is 94370979737 composite?
False
Is 346344387429 a composite number?
True
Is 5701659343 prime?
True
Is 2004146483 a prime number?
True
Is 768250829 prime?
True
Is 616502989 a prime number?
False
Is 692797409 a prime number?
True
Is 200385701 a prime number?
True
Is 38314301 a prime number?
True
Is 15665689477 prime?
False
Is 481828213 a prime number?
False
Is 161055079291 a prime number?
True
Is 1122643723 composite?
False
Is 2401806527 prime?
False
Is 14997391583 a prime number?
True
Is 12744252442 prime?
False
Is 31522033 composite?
True
Is 23639878957 prime?
False
Is 782314487 a composite number?
True
Is 863059063 a prime number?
False
Is 822882329 prime?
False
Is 3643255405 composite?
True
Is 32507491397 a prime number?
False
Is 893666749 composite?
False
Is 1266885979 a prime number?
False
Is 161120963 prime?
False
Is 11477189069 composite?
True
Is 12738743753 a prime number?
True
Is 32505984239 a prime number?
True
Is 41840761 a composite number?
False
Is 652668479 a composite number?
True
Is 862376923 prime?
True
Is 3779190001 composite?
True
Is 25932186101 prime?
True
Is 18607999895 composite?
True
Is 1831852277 prime?
False
Is 9896932853 composite?
False
Is 34425597 prime?
False
Is 10934019893 a composite number?
True
Is 93293386099 a composite number?
False
Is 591949517 a prime number?
True
Is 930334001 a prime number?
False
Is 46485038081 a composite number?
True
Is 33131868379 a prime number?
False
Is 475356179 a prime number?
False
Is 5310229913 a prime number?
True
Is 69215177761 prime?
False
Is 1602542611 a composite number?
False
Is 208775737 a composite number?
False
Is 18019208063 composite?
False
Is 399144099 a composite number?
True
Is 317795414 a prime number?
False
Is 2914209877 a prime number?
True
Is 1270369907 composite?
False
Is 68613197 a prime number?
True
Is 12704186057 composite?
True
Is 259261787 prime?
True
Is 246036626701 a composite number?
False
Is 5315774333 prime?
True
Is 17307118181 a composite number?
False
Is 20750559763 composite?
False
Is 1758869239 composite?
False
Is 672698137 a prime number?
True
Is 898220833 a prime number?
False
Is 155296522 prime?
False
Is 3080346895 composite?
True
Is 32464179697 composite?
False
Is 767016847 a composite number?
True
Is 282874297 composite?
False
Is 145873303 prime?
True
Is 29892296729 composite?
True
Is 3034892317 a prime number?
True
Is 2239729318 composite?
True
Is 10322576581 prime?
True
Is 46801389757 composite?
False
Is 10955298481 prime?
True
Is 29544450279 a composite number?
True
Is 1061470001 a prime number?
False
Is 5664147943 a composite number?
False
Is 2139349231 a composite number?
False
Is 7255331063 composite?
False
Is 10738936549 a composite number?
True
Is 38505556961 prime?
True
Is 1222439563 prime?
False
Is 4144104029 prime?
False
Is 2546604691 a composite number?
False
Is 1707011921 prime?
True
Is 895030607 a prime number?
False
Is 1505307541 prime?
False
Is 2195683691 a composite number?
False
Is 38075913529 a prime number?
True
Is 7269735577 a composite number?
True
Is 9463125377 prime?
True
Is 46003325371 a composite number?
True
Is 26988777539 prime?
False
Is 1982979197 composite?
True
Is 15267589643 a prime number?
True
Is 1179272173 prime?
True
Is 26304041 a prime number?
False
Is 15692667307 prime?
True
Is 761411537 a composite number?
True
Is 1057184087 a composite number?
False
Is 2587317169 a prime number?
True
Is 2929344923 a prime number?
True
Is 3256431499 a prime number?
True
Is 146262165157 composite?
False
Is 8459821583 prime?
True
Is 49706783949 a composite number?
True
Is 826725683 a prime number?
False
Is 762374117 prime?
True
Is 7686796129 a prime number?
True
Is 5606271241 a composite number?
False
Is 118350663637 prime?
True
Is 3523368553 composite?
False
Is 1278135317 composite?
False
Is 28902463039 a composite number?
True
Is 1950428969 prime?
True
Is 1137941474 a prime number?
False
Is 739380151 composite?
False
Is 68603157853 prime?
False
Is 4556171303 prime?
True
Is 59538625693 a composite number?
False
Is 144902637073 composite?
True
Is 7142158223 a prime number?
False
Is 81876785803 composite?
True
Is 19472719991 a composite number?
False
Is 18905220731 a prime number?
False
Is 4926937867 a prime number?
True
Is 2457732619 prime?
False
Is 4928690913 composite?
True
Is 3191617807 prime?
False
Is 872569213 a prime number?
True
Is 1591192589 prime?
False
Is 11117157619 prime?
True
Is 187457639 a prime number?
False
Is 1991124229 composite?
False
Is 50026839179 composite?
False
Is 650376049 a composite number?
False
Is 1034144719 composite?
True
Is 131